Dec 02 16:16:21.964 INFO testing soft-test-failures-0.1.0 against master#8940af3cea4a9a9deabcaf843b2f8cad9a83fc61 for beta-1.31-5
Dec 02 16:16:21.964 INFO running `"docker" "create" "-v" "/mnt/big/crater/work/local/target-dirs/beta-1.31-5/worker-7/master#8940af3cea4a9a9deabcaf843b2f8cad9a83fc61:/target:rw,Z" "-v" "/mnt/big/crater/work/local/test-source/worker-7/beta-1.31-5/master#8940af3cea4a9a9deabcaf843b2f8cad9a83fc61:/source:ro,Z" "-v" "/mnt/big/crater/work/local/cargo-home:/cargo-home:ro,Z" "-v" "/mnt/big/crater/work/local/rustup-home:/rustup-home:ro,Z" "-e" "USER_ID=1000" "-e" "SOURCE_DIR=/source" "-e" "USER_ID=1000" "-e" "CMD=cargo +8940af3cea4a9a9deabcaf843b2f8cad9a83fc61-alt build --frozen" "-e" "CARGO_TARGET_DIR=/target" "-e" "CARGO_INCREMENTAL=0" "-e" "RUST_BACKTRACE=full" "-e" "RUSTFLAGS=--cap-lints=warn" "-e" "CARGO_HOME=/cargo-home" "-e" "RUSTUP_HOME=/rustup-home" "-m" "1536M" "--network" "none" "crater"`
Dec 02 16:16:22.269 INFO [stdout] 43471c103afedc9487332430d39fae3f0871117ecfc99908a0d120666c1b0497
Dec 02 16:16:22.271 INFO running `"docker" "start" "-a" "43471c103afedc9487332430d39fae3f0871117ecfc99908a0d120666c1b0497"`
Dec 02 16:16:23.298 INFO [stderr] usermod: no changes
Dec 02 16:16:23.359 INFO [stderr]    Compiling soft-test-failures v0.1.0 (/source)
Dec 02 16:16:24.032 INFO [stderr]     Finished dev [unoptimized + debuginfo] target(s) in 0.70s
Dec 02 16:16:24.035 INFO [stderr] su: No module specific data is present
Dec 02 16:16:24.815 INFO running `"docker" "inspect" "43471c103afedc9487332430d39fae3f0871117ecfc99908a0d120666c1b0497"`
Dec 02 16:16:25.078 INFO running `"docker" "rm" "-f" "43471c103afedc9487332430d39fae3f0871117ecfc99908a0d120666c1b0497"`
Dec 02 16:16:25.279 INFO [stdout] 43471c103afedc9487332430d39fae3f0871117ecfc99908a0d120666c1b0497
Dec 02 16:16:25.281 INFO running `"docker" "create" "-v" "/mnt/big/crater/work/local/target-dirs/beta-1.31-5/worker-7/master#8940af3cea4a9a9deabcaf843b2f8cad9a83fc61:/target:rw,Z" "-v" "/mnt/big/crater/work/local/test-source/worker-7/beta-1.31-5/master#8940af3cea4a9a9deabcaf843b2f8cad9a83fc61:/source:ro,Z" "-v" "/mnt/big/crater/work/local/cargo-home:/cargo-home:ro,Z" "-v" "/mnt/big/crater/work/local/rustup-home:/rustup-home:ro,Z" "-e" "USER_ID=1000" "-e" "SOURCE_DIR=/source" "-e" "USER_ID=1000" "-e" "CMD=cargo +8940af3cea4a9a9deabcaf843b2f8cad9a83fc61-alt test --frozen --no-run" "-e" "CARGO_TARGET_DIR=/target" "-e" "CARGO_INCREMENTAL=0" "-e" "RUST_BACKTRACE=full" "-e" "RUSTFLAGS=--cap-lints=warn" "-e" "CARGO_HOME=/cargo-home" "-e" "RUSTUP_HOME=/rustup-home" "-m" "1536M" "--network" "none" "crater"`
Dec 02 16:16:25.595 INFO [stdout] 6133a9a29a13330a548629875e0251aff4a6806663a014d49482e986d7dd2034
Dec 02 16:16:25.599 INFO running `"docker" "start" "-a" "6133a9a29a13330a548629875e0251aff4a6806663a014d49482e986d7dd2034"`
Dec 02 16:16:26.121 INFO [stderr] usermod: no changes
Dec 02 16:16:26.149 INFO [stderr]    Compiling soft-test-failures v0.1.0 (/source)
Dec 02 16:16:27.439 INFO [stderr]     Finished dev [unoptimized + debuginfo] target(s) in 1.30s
Dec 02 16:16:27.442 INFO [stderr] su: No module specific data is present
Dec 02 16:16:27.971 INFO running `"docker" "inspect" "6133a9a29a13330a548629875e0251aff4a6806663a014d49482e986d7dd2034"`
Dec 02 16:16:28.235 INFO running `"docker" "rm" "-f" "6133a9a29a13330a548629875e0251aff4a6806663a014d49482e986d7dd2034"`
Dec 02 16:16:28.655 INFO [stdout] 6133a9a29a13330a548629875e0251aff4a6806663a014d49482e986d7dd2034
Dec 02 16:16:28.661 INFO running `"docker" "create" "-v" "/mnt/big/crater/work/local/target-dirs/beta-1.31-5/worker-7/master#8940af3cea4a9a9deabcaf843b2f8cad9a83fc61:/target:rw,Z" "-v" "/mnt/big/crater/work/local/test-source/worker-7/beta-1.31-5/master#8940af3cea4a9a9deabcaf843b2f8cad9a83fc61:/source:ro,Z" "-v" "/mnt/big/crater/work/local/cargo-home:/cargo-home:ro,Z" "-v" "/mnt/big/crater/work/local/rustup-home:/rustup-home:ro,Z" "-e" "USER_ID=1000" "-e" "SOURCE_DIR=/source" "-e" "USER_ID=1000" "-e" "CMD=cargo +8940af3cea4a9a9deabcaf843b2f8cad9a83fc61-alt test --frozen" "-e" "CARGO_TARGET_DIR=/target" "-e" "CARGO_INCREMENTAL=0" "-e" "RUST_BACKTRACE=full" "-e" "RUSTFLAGS=--cap-lints=warn" "-e" "CARGO_HOME=/cargo-home" "-e" "RUSTUP_HOME=/rustup-home" "-m" "1536M" "--network" "none" "crater"`
Dec 02 16:16:29.191 INFO [stdout] 2d7fefcb75d02d14089177cb1f28f6aac2bd6324ce32745f78f084b22c4b1058
Dec 02 16:16:29.191 INFO running `"docker" "start" "-a" "2d7fefcb75d02d14089177cb1f28f6aac2bd6324ce32745f78f084b22c4b1058"`
Dec 02 16:16:30.822 INFO [stderr] usermod: no changes
Dec 02 16:16:30.875 INFO [stderr]     Finished dev [unoptimized + debuginfo] target(s) in 0.02s
Dec 02 16:16:30.875 INFO [stderr]      Running /target/debug/deps/soft_test_failures-3270af3749b51f6f
Dec 02 16:16:30.879 INFO [stdout] 
Dec 02 16:16:30.879 INFO [stdout] running 1 test
Dec 02 16:16:30.911 INFO [stdout] test expect_failures ... FAILED
Dec 02 16:16:30.911 INFO [stdout] 
Dec 02 16:16:30.911 INFO [stdout] failures:
Dec 02 16:16:30.911 INFO [stdout] 
Dec 02 16:16:30.911 INFO [stdout] ---- expect_failures stdout ----
Dec 02 16:16:30.911 INFO [stdout] thread 'expect_failures' panicked at '`expect` test failed with 2 failed assertions:
Dec 02 16:16:30.911 INFO [stdout] 1: 4 surely is not 5
Dec 02 16:16:30.911 INFO [stdout] 2: Expected 3 - 7 == -3
Dec 02 16:16:30.911 INFO [stdout] ', src/lib.rs:48:5
Dec 02 16:16:30.911 INFO [stdout] stack backtrace:
Dec 02 16:16:30.911 INFO [stdout]    0:     0x55e15e02b22f - std::sys::unix::backtrace::tracing::imp::unwind_backtrace::h3a8b83e1922cbdde
Dec 02 16:16:30.911 INFO [stdout]                                at libstd/sys/unix/backtrace/tracing/gcc_s.rs:49
Dec 02 16:16:30.911 INFO [stdout]    1:     0x55e15e034277 - std::sys_common::backtrace::print::h00d3155a29b4020f
Dec 02 16:16:30.911 INFO [stdout]                                at libstd/sys_common/backtrace.rs:71
Dec 02 16:16:30.911 INFO [stdout]                                at libstd/sys_common/backtrace.rs:59
Dec 02 16:16:30.911 INFO [stdout]    2:     0x55e15e02ef5f - std::panicking::default_hook::{{closure}}::hd7465c742e79e1bb
Dec 02 16:16:30.911 INFO [stdout]                                at libstd/panicking.rs:211
Dec 02 16:16:30.911 INFO [stdout]    3:     0x55e15e02ec5e - std::panicking::default_hook::h9e3966f2aa2a6e12
Dec 02 16:16:30.911 INFO [stdout]                                at libstd/panicking.rs:221
Dec 02 16:16:30.911 INFO [stdout]    4:     0x55e15e02f63e - std::panicking::rust_panic_with_hook::h587f091ae747d080
Dec 02 16:16:30.911 INFO [stdout]                                at libstd/panicking.rs:476
Dec 02 16:16:30.911 INFO [stdout]    5:     0x55e15dfd7103 - std::panicking::begin_panic::h3fa6552d392629c5
Dec 02 16:16:30.911 INFO [stdout]                                at libstd/panicking.rs:410
Dec 02 16:16:30.911 INFO [stdout]    6:     0x55e15dfd9232 - soft_test_failures::expect_failures::{{closure}}::hf569f220fcc777b6
Dec 02 16:16:30.911 INFO [stdout]                                at src/lib.rs:31
Dec 02 16:16:30.911 INFO [stdout]    7:     0x55e15dfda039 - <std::thread::local::LocalKey<T>>::try_with::hf334dda8682a0489
Dec 02 16:16:30.911 INFO [stdout]                                at libstd/thread/local.rs:300
Dec 02 16:16:30.911 INFO [stdout]    8:     0x55e15dfd94d2 - <std::thread::local::LocalKey<T>>::with::h51bf091ff35040a6
Dec 02 16:16:30.911 INFO [stdout]                                at libstd/thread/local.rs:254
Dec 02 16:16:30.911 INFO [stdout]    9:     0x55e15dfd8849 - soft_test_failures::expect_failures::haccc1450c2b4cf21
Dec 02 16:16:30.911 INFO [stdout]                                at src/lib.rs:48
Dec 02 16:16:30.911 INFO [stdout]   10:     0x55e15dfd86e9 - soft_test_failures::expect_failures::{{closure}}::hc437d2905fc76231
Dec 02 16:16:30.911 INFO [stdout]                                at src/lib.rs:40
Dec 02 16:16:30.911 INFO [stdout]   11:     0x55e15dfd735d - core::ops::function::FnOnce::call_once::h1212c918b4265f0a
Dec 02 16:16:30.911 INFO [stdout]                                at libcore/ops/function.rs:238
Dec 02 16:16:30.911 INFO [stdout]   12:     0x55e15dfdf01e - <F as alloc::boxed::FnBox<A>>::call_box::hac903f91577a156c
Dec 02 16:16:30.911 INFO [stdout]                                at libtest/lib.rs:1468
Dec 02 16:16:30.911 INFO [stdout]                                at libcore/ops/function.rs:238
Dec 02 16:16:30.911 INFO [stdout]                                at liballoc/boxed.rs:672
Dec 02 16:16:30.911 INFO [stdout]   13:     0x55e15e03f229 - __rust_maybe_catch_panic
Dec 02 16:16:30.911 INFO [stdout]                                at libpanic_unwind/lib.rs:102
Dec 02 16:16:30.911 INFO [stdout]   14:     0x55e15e000c72 - std::sys_common::backtrace::__rust_begin_short_backtrace::hb8f0d0309526c184
Dec 02 16:16:30.911 INFO [stdout]                                at libstd/panicking.rs:289
Dec 02 16:16:30.911 INFO [stdout]                                at libstd/panic.rs:392
Dec 02 16:16:30.912 INFO [stdout]                                at libtest/lib.rs:1423
Dec 02 16:16:30.912 INFO [stdout]                                at libstd/sys_common/backtrace.rs:136
Dec 02 16:16:30.912 INFO [stdout]   15:     0x55e15e001724 - std::panicking::try::do_call::hc2f7c8b9a348d8db
Dec 02 16:16:30.912 INFO [stdout]                                at libstd/thread/mod.rs:409
Dec 02 16:16:30.912 INFO [stdout]                                at libstd/panic.rs:313
Dec 02 16:16:30.912 INFO [stdout]                                at libstd/panicking.rs:310
Dec 02 16:16:30.912 INFO [stdout]   16:     0x55e15e03f229 - __rust_maybe_catch_panic
Dec 02 16:16:30.912 INFO [stdout]                                at libpanic_unwind/lib.rs:102
Dec 02 16:16:30.912 INFO [stdout]   17:     0x55e15dfee95c - <F as alloc::boxed::FnBox<A>>::call_box::h6bfded618e480b32
Dec 02 16:16:30.912 INFO [stdout]                                at libstd/panicking.rs:289
Dec 02 16:16:30.912 INFO [stdout]                                at libstd/panic.rs:392
Dec 02 16:16:30.912 INFO [stdout]                                at libstd/thread/mod.rs:408
Dec 02 16:16:30.912 INFO [stdout]                                at liballoc/boxed.rs:672
Dec 02 16:16:30.912 INFO [stdout]   18:     0x55e15e02ce4d - std::sys_common::thread::start_thread::h4c28257d67cdf9cb
Dec 02 16:16:30.912 INFO [stdout]                                at liballoc/boxed.rs:682
Dec 02 16:16:30.912 INFO [stdout]                                at libstd/sys_common/thread.rs:24
Dec 02 16:16:30.912 INFO [stdout]   19:     0x55e15e022325 - std::sys::unix::thread::Thread::new::thread_start::hfecb2e7eff8fd34f
Dec 02 16:16:30.912 INFO [stdout]                                at libstd/sys/unix/thread.rs:90
Dec 02 16:16:30.912 INFO [stdout]   20:     0x7fc37a2916b9 - start_thread
Dec 02 16:16:30.912 INFO [stdout]   21:     0x7fc379db141c - clone
Dec 02 16:16:30.912 INFO [stdout]   22:                0x0 - <unknown>
Dec 02 16:16:30.912 INFO [stdout] 
Dec 02 16:16:30.912 INFO [stdout] 
Dec 02 16:16:30.912 INFO [stdout] failures:
Dec 02 16:16:30.912 INFO [stdout]     expect_failures
Dec 02 16:16:30.912 INFO [stdout] 
Dec 02 16:16:30.912 INFO [stdout] test result: FAILED. 0 passed; 1 failed; 0 ignored; 0 measured; 0 filtered out
Dec 02 16:16:30.912 INFO [stdout] 
Dec 02 16:16:30.912 INFO [stderr] error: test failed, to rerun pass '--lib'
Dec 02 16:16:30.919 INFO [stderr] su: No module specific data is present
Dec 02 16:16:32.148 INFO running `"docker" "inspect" "2d7fefcb75d02d14089177cb1f28f6aac2bd6324ce32745f78f084b22c4b1058"`
Dec 02 16:16:32.545 INFO running `"docker" "rm" "-f" "2d7fefcb75d02d14089177cb1f28f6aac2bd6324ce32745f78f084b22c4b1058"`
Dec 02 16:16:32.919 INFO [stdout] 2d7fefcb75d02d14089177cb1f28f6aac2bd6324ce32745f78f084b22c4b1058
